What are the prime factors of n?
11
Let w = 1 + -7. Let i be (-3)/(-12) - 50/8. List the prime factors of (-4)/w - 62/i.
11
Suppose 4*a + 5*n - 81 = 0, 0 = -a + n - 5*n + 12. What are the prime factors of a?
2, 3
Let c = 0 - -25. Suppose -2*v - 3*w + 17 = -10, -2*v + c = w. List the prime factors of v.
2, 3
Let g(c) = -3*c - 3. Let j be g(-4). Let k(i) = 6*i**3 - 2*i - 1. Let z be k(-1). Let l = j + z. What are the prime factors of l?
2
Suppose -3*z + 756 = 4*z. What are the prime factors of z?
2, 3
Let u be (-2)/4*(-38 + 2). Suppose -32 - u = -2*c. What are the prime factors of c?
5
Suppose 2*l = 44 + 24. What are the prime factors of l?
2, 17
Suppose -60*x - 280 = -65*x. What are the prime factors of x?
2, 7
Suppose 0 = -d, 5*a = 2*a - 2*d + 90. What are the prime factors of 160/a - (-4)/6?
2, 3
Suppose 0 = 4*k - 2*s - 12, -3*s = -3*k - 0*s + 3. Suppose o - 2*o = 4*d - k, -o + d = -20. What are the prime factors of o?
17
Let w be (10/(-4))/(5/(-110)). Suppose -4*r = 3*u - w, -5*u = -2*r + r - 61. List the prime factors of u.
13
Suppose -5*v + 0*v = -380. List the prime factors of v.
2, 19
Let t(w) = 2*w**2 - 6*w - 5. Let b(g) = -5*g + 1. Let q be b(-1). Let p be t(q). Let h = -20 + p. List the prime factors of h.
11
Suppose -3*b + 0 + 6 = 0. Suppose -b*k + 22 = -18. List the prime factors of k.
2, 5
Suppose 2*i + m = 108 + 27, i + m = 66. What are the prime factors of i?
3, 23
Let w(g) = -g**3 - g**2 - g. Let v(h) = -3*h**3 + 3*h**2 - 3*h - 5. Let y(o) = v(o) - 2*w(o). Let n be y(4). What are the prime factors of 2/n - 76/(-28)?
3
Suppose -4*b = s + 3*s, 5*s + 6 = b. Let q = 10 + -13. Let m = s - q. List the prime factors of m.
2
Suppose 0 = 2*m + 4 - 20. List the prime factors of (-6)/m - (-2145)/44.
2, 3
Suppose -c + 0*c = -2. Suppose 0 = -3*g - 2*g - 4*y + 39, -c*y - 8 = 0. List the prime factors of g.
11
Let b(t) = -t**2 + 10*t - 4. What are the prime factors of b(6)?
2, 5
Let o = 174 + -48. List the prime factors of o.
2, 3, 7
Let m(t) = t**3 - 9*t**2 - 10*t + 11. List the prime factors of m(10).
11
Let l(k) = k**2 - 6*k - 5. Let r be l(7). Suppose r*f = v + 48, 4*f = v + 63 + 35. Suppose 0 = 4*y - 11 - f. List the prime factors of y.
3
Suppose -2*x = -5*a + 14, 2*a = 4*x + a - 8. Suppose 7 = r - x. List the prime factors of r.
2, 5
Suppose 3*t - k = 13, 0*t - t + 2*k + 11 = 0. Suppose j = -t*j. Suppose -2*s + 26 + 12 = j. List the prime factors of s.
19
Suppose -5*s - 22 - 18 = 0. Let j(r) = -3*r - 9. What are the prime factors of j(s)?
3, 5
Let j(k) be the first derivative of -k**4/4 - 5*k**3/3 - k**2/2 - 2*k + 5. List the prime factors of j(-6).
2, 5
Let v be 4/(-10) - 6/(-15). Let a = v - -2. Suppose 2*k - a = 4. What are the prime factors of k?
3
Let c(n) = n**3 + 35*n**2 - n - 16. List the prime factors of c(-35).
19
Let d(j) = 44*j**2 - j. List the prime factors of d(-1).
3, 5
Let v be (-6)/(-12)*2*4. Let c = v - -6. List the prime factors of c.
2, 5
Suppose 0 = -2*c - 2*j + 4, j - 3*j = 5*c - 16. Suppose c + 4 = -4*r. List the prime factors of (-2)/(r/18*2).
3
Let t(w) = 11*w**2 - 3*w + 2. Let k be t(3). Suppose 3*v = -v + k. Let a = -9 + v. What are the prime factors of a?
2, 7
Let p = -2 + 5. Suppose 3 = p*v - q, v - 4*q = -13 + 3. List the prime factors of v.
2
Let a(y) be the third derivative of -y**4/24 + 7*y**3/6 + 2*y**2. Let d be a(-5). Suppose 2*s - 44 + d = 0. List the prime factors of s.
2
Let p be 2/5 + (-58)/(-5). Suppose -5*q - 15 = 0, -4*b - b + 2*q = -16. Suppose -b*n - 3 = -5*u - p, n = u + 3. List the prime factors of n.
2
Suppose -3*u = -4 - 23. Let y be ((-3)/u)/((-2)/18). Suppose t - s = 6, -y*t - 6*s + 28 = -4*s. List the prime factors of t.
2
Suppose -2*t - 31 = -111. List the prime factors of t.
2, 5
Let g(x) = -7*x**2 - x. Let c be g(2). Let f = 51 + c. List the prime factors of f.
3, 7
Suppose -q + 0 + 2 = 0. Suppose -q*k - 2*c = 18, 2*c - 3*c - 1 = -k. Let h(x) = x + 6. What are the prime factors of h(k)?
2
Let h be 2/8 + 345/12. List the prime factors of h + -5 + 4/2.
2, 13
Let z(u) = 30*u**2 - u + 1. List the prime factors of z(1).
2, 3, 5
Let g = 5 - 3. Let b be (1/2)/(g/4). Let s = 3 + b. What are the prime factors of s?
2
Let t = 7 - 4. Let h(a) = -3*a**3 + 5*a**2 + 3*a**t + a - a**3. What are the prime factors of h(5)?
5
Let u = 3 + -3. Let h = u - -4. Suppose -g + 4*z + h = -6, -2*z - 10 = -3*g. List the prime factors of g.
2
Suppose 5 = 2*f - 15. Suppose f*t - 7*t - 78 = 0. List the prime factors of t.
2, 13
Suppose 5*c = 2*v + 2*v + 22, -4*c + 3*v + 17 = 0. Suppose -c*j = 5*h - 104, -2*j = h + 3*h - 84. What are the prime factors of h?
2, 5
List the prime factors of (-126)/4*(40/(-6) + 2).
3, 7
Let i be 18/(-4)*(-2)/3. Suppose i*t = 4 + 2. Suppose t = 5*y - 8. What are the prime factors of y?
2
Let a be -8*2/4*1. Let x = 12 + a. List the prime factors of x.
2
Suppose -6 = 2*y - 4*y. Suppose -v = y*v + 20, 3*j - 2 = -5*v. What are the prime factors of j?
3
Suppose 1230 + 84 = 9*g. List the prime factors of g.
2, 73
Let p = -70 - -112. What are the prime factors of p?
2, 3, 7
Let t(j) = 2*j - 4. Let m be t(3). Suppose 3*f = -m*l + 4*l - 5, -8 = -2*l + 2*f. What are the prime factors of l?
7
Suppose -s + 5*v = -19, 3*v - v = 5*s - 26. Let o(i) = 8*i + 4. Let f be o(s). Suppose 2*g = f - 12. What are the prime factors of g?
2, 3
Let m(l) = l**3 + 7*l**2 + 6*l + 6. Let w(r) = 2*r + 4. Let y be w(-4). List the prime factors of m(y).
2, 3, 5
Let q = -36 + 88. Suppose -q = 4*s - 2*a, 42 = s - 3*s + 5*a. Let w = 24 + s. What are the prime factors of w?
13
Let x = 1 + -9. Let f(s) = -s**2 - 10*s + 2. List the prime factors of f(x).
2, 3
Let l(j) = 2*j + 2 - 4 - 11. List the prime factors of l(9).
5
Let i(k) = -k**2 + 14*k - 13. Let a be i(13). Suppose a*c - 2*c + r = -36, r + 93 = 5*c. What are the prime factors of c?
19
Let j = 3 + -9. Let p(l) = l + 7. Let d be p(j). Suppose -7*t + 2*t - 28 = -2*b, 4*t = -b + d. What are the prime factors of b?
3
Let z = 42 + -26. List the prime factors of z.
2
Let a be ((-18)/8)/(3/12). Let s(k) = -k**2 + k + 1. Let r(q) = -4*q**2 - 4*q + 6. Let v(l) = -r(l) + 3*s(l). List the prime factors of v(a).
3, 5
Suppose -112 = -2*u - 2*u. List the prime factors of u.
2, 7
Suppose -5*g + 3*g + 124 = 0. Suppose -r + g = 2*b, -5*r = -4*b + 51 + 45. What are the prime factors of b?
29
Suppose 0 = -27*c + 31*c - 340. List the prime factors of c.
5, 17
Let r = 1 - -1. Suppose -5*k = -0*g + r*g - 29, -4*g + 18 = 2*k. Suppose 6*m - 40 = g*m. What are the prime factors of m?
2, 5
Suppose -305 = -3*f - 0*f - 2*d, -5*d - 550 = -5*f. List the prime factors of f.
3, 5, 7
Let l = -4 - -4. Suppose -2*u - 2*u = l. Let p = u - -7. List the prime factors of p.
7
Let c = -5 - -9. Suppose -4*l - c*m + 68 = 0, 2*l - 27 - 13 = m. What are the prime factors of l?
19
Suppose 3*m - m - 56 = 0. What are the prime factors of m?
2, 7
Suppose -z + 56 = -19. Suppose -t + 21 = h, -5*h + z = -2*t + t. What are the prime factors of h?
2
Suppose 5*l + 5*p - 2*p - 24 = 0, 0 = -2*p + 6. List the prime factors of 3*(-2)/l + 49.
47
Suppose -3*n = -2*p - 140, -2*n + p = 2*n - 185. List the prime factors of n.
2, 23
Let s = 4 - 1. Suppose -s*z - 3*f = -28 - 5, 3*z - f = 41. What are the prime factors of z?
13
List the prime factors of ((-2016)/70)/((-6)/20).
2, 3
Let b = 93 + -63. List the prime factors of b.
2, 3, 5
Let h(f) = 6*f**2 - 2*f**3 + 6 + f**3 + 9*f + 0*f**3. List the prime factors of h(7).
2, 5
Let p be (18/(-4))/(6/12). Let y be (-32)/(-6) + 3/p. Suppose -1 = -0*w - w - y*m, 4*w = m + 25. What are the prime factors of w?
2, 3
Let f(c) = -c**3 - 2*c**2 + 4*c + 2. Let i be f(-3). Let v = 2 + i. List the prime factors of (5/10)/(v/14).
7
Let f be (3 - 1)*(-1)/(-1). Let u(r) = 3*r**2 - r + 2. List the prime factors of u(f).
2, 3
What are the prime factors of (-8 + 2)*(-1 + 0)?
2, 3
Suppose -2*x + 34 = 12. Let m = x + 3. List the prime factors of 74/m - 8/28.
5
Let l be 3 - (3/(-1) - -21). What are the prime factors of 54/(-15)*l/6?
3
Suppose -3*k + 5*j + 154 + 490 = 0, j - 828 = -4*k. List the prime factors of k.
2, 13
Let h be (2/(-4))/((-7)/(-42)). What are the prime factors of -4*(-18)/4 - h?
3, 7
What are the prime factors of (-1733)/(-15)*3 + 2/5?
347
Let t be 3/(-2) - (-14)/4. What are the prim